late u(-38).
-23
Let i(k) = -20*k**2 + 183*k + 707. Give i(12).
23
Let c(l) = -l**3 + 113*l**2 - 1314*l + 10310. Determine c(101).
8
Let w(f) = f**2 + 8757*f + 209603. What is w(-24)?
11
Let q(a) = -2569*a - 105322. Determine q(-41).
7
Let d(t) = 4*t**3 - 51*t**2 - 171*t + 7. Determine d(15).
-533
Let b(i) = 14*i**2 + 1215*i + 3650. Calculate b(-3).
131
Let h(t) = t**3 + 1323*t**2 - 11995*t + 61. Calculate h(9).
-2
Let m(f) = 1424*f + 132450. Determine m(-93).
18
Let p(u) = -30*u**3 + 963*u**2 - 268*u + 5511. What is p(32)?
7
Let m(s) = 6*s**2 + 736*s - 76276. Give m(67).
-30
Let m(g) = -54793*g - 1753380. Determine m(-32).
-4
Let b(a) = -2*a**3 + 76*a**2 - 232*a + 5691. Calculate b(37).
-155
Let p(a) = 2532*a**2 - 1028*a + 1. Determine p(1).
1505
Let x(m) = 191885*m - 1151341. Determine x(6).
-31
Let a(p) = 18*p**3 + 86*p**2 - 125*p - 544. What is a(-5)?
-19
Let z(u) = -3323*u + 1508670. What is z(454)?
28
Let b(m) = -14193678*m + 14193683. What is b(1)?
5
Let m(s) = -18*s**3 - 10*s**2 + 1397*s + 8397. Calculate m(-6).
3543
Let t(v) = -v**3 + 247*v**2 - 9240*v - 1230. What is t(201)?
-24
Let i(v) = 26*v**3 + 112*v**2 - 11*v - 11. Calculate i(-4).
161
Let z(x) = -x**3 + 41*x**2 - 333*x - 1682. Determine z(25).
-7
Let n(c) = -6*c**2 + 85*c - 956. Calculate n(10).
-706
Let y(j) = 2*j**3 + 213*j**2 + 1848*j + 234580. Give y(-108).
4
Let y(m) = -3*m**3 - 74*m**2 + 99*m + 2022. Give y(-25).
172
Let l(k) = 6838*k + 43040. Calculate l(-6).
2012
Let b(j) = -11788*j - 24606. What is b(-2)?
-1030
Let o(q) = -q**3 + 20*q**2 + q - 406. Give o(18).
260
Let m(q) = 2486*q + 362945. Give m(-146).
-11
Let r(z) = -14229*z + 1878222. What is r(132)?
-6
Let a(z) = 4*z**3 - 80*z**2 + 379*z - 4250. Determine a(18).
-20
Let w(m) = m**2 - 12395*m + 86708. Determine w(7).
-8
Let p(m) = m**3 + 457*m**2 - 860*m - 98. Give p(2).
18
Let r(d) = d**3 + 31*d**2 - 58*d + 1601. Give r(-34).
105
Let c(q) = 375*q - 5066. Determine c(15).
559
Let p(f) = 5*f**2 + 341*f + 1727. What is p(-6)?
-139
Let y(u) = -4*u**2 - 1144*u + 28390. Determine y(23).
-38
Let o(q) = -1390*q + 1355241. Determine o(975).
-9
Let d(a) = -a**2 + 371*a - 33969. Calculate d(207).
-21
Let x(r) = 29*r**3 + 5*r**2 + 81*r - 51. Give x(-5).
-3956
Let a(c) = -13*c**2 - 1548*c + 2564. Calculate a(-121).
-461
Let h(r) = -1235*r**2 + 4934*r - 17. Calculate h(4).
-41
Let q(w) = 3052*w + 5962. Calculate q(-2).
-142
Let j(v) = 458157*v + 2290792. Give j(-5).
7
Let i(r) = -549*r - 20443. Calculate i(-37).
-130
Let j(g) = 4078*g - 61352. Give j(15).
-182
Let c(a) = a**2 + 1919*a + 872899. Give c(-1178).
1
Let g(i) = 1101*i**2 + 1357*i - 5. Determine g(-2).
1685
Let s(n) = -345*n + 1414. What is s(7)?
-1001
Let q(i) = i**3 + 27*i**2 - 6*i + 466. Determine q(-29).
-1042
Let w(r) = r**3 + 14*r**2 + 5*r + 800. What is w(-17)?
-152
Let c(n) = -4*n**2 - 2230*n - 112327. Determine c(-56).
9
Let n(a) = -4233*a + 80424. Calculate n(19).
-3
Let z(l) = 1390*l + 12971. What is z(-9)?
461
Let s(i) = -3*i**2 - 360*i + 3910. Calculate s(10).
10
Let t(s) = 2*s**2 - 1810*s + 93530. Give t(55).
30
Let t(r) = r**2 + 73*r + 62. Give t(-72).
-10
Let i(y) = 3*y**3 - 157*y**2 - 270*y - 43. Determine i(54).
-43
Let d(x) = -6481*x + 298119. Calculate d(46).
-7
Let b(n) = -2*n**2 - 259*n - 897. Calculate b(-126).
-15
Let d(a) = -15*a**2 + 77*a - 289. What is d(3)?
-193
Let o(f) = 21*f**2 + 3510*f + 480. Calculate o(-167).
-21
Let a(i) = 122659*i - 858620. Give a(7).
-7
Let c(l) = -39*l**3 - 39*l**2 + 14*l - 16. Give c(-5).
3814
Let h(c) = -721*c + 11416. Calculate h(16).
-120
Let x(r) = -117*r**2 + 12060*r + 23622. Calculate x(105).
-3
Let r(j) = 178*j + 6804. Calculate r(-39).
-138
Let g(t) = -7*t**2 - 3673*t - 13538. What is g(-521)?
8
Let u(c) = 9294*c - 232296. Determine u(25).
54
Let s(y) = -3691*y**2 - 7359*y + 3. Give s(-2).
-43
Let k(b) = -4*b**3 - 105*b**2 - 565*b + 175. Calculate k(-8).
23
Let v(q) = 2*q**2 - 196*q - 2658. Give v(-21).
2340
Let a(m) = 2*m**2 - 191604*m + 957957. Give a(5).
-13
Let b(k) = -57*k**2 + 9681*k + 1534. What is b(170)?
4
Let p(z) = 521293*z + 5734172. What is p(-11)?
-51
Let s(j) = -2*j**3 + 67*j**2 - 1057*j + 25432. What is s(30)?
22
Let p(z) = -756*z - 89964. Calculate p(-119).
0
Let d(r) = 870*r - 5236. Give d(6).
-16
Let h(v) = -4*v**3 - 3028*v**2 + 293*v + 221809. What is h(-757)?
8
Let w(n) = 231*n - 281. Determine w(1).
-50
Let q(g) = -2*g**2 + 924*g + 27433. Determine q(-31).
-3133
Let g(r) = -r**3 + 13*r**2 + 2969*r - 30031. Determine g(10).
-41
Let v(w) = 147*w - 17958. Give v(130).
1152
Let w(b) = -312*b**2 + 59*b - 196. Give w(4).
-4952
Let s(x) = 3463*x**3 - 6802*x**2 - 252*x + 4. Calculate s(2).
-4
Let q(z) = -6*z**2 - 57*z + 8884. What is q(34)?
10
Let u(k) = -1400*k - 15022. Determine u(-11).
378
Let q(k) = 172*k + 3844. Calculate q(-23).
-112
Let q(o) = 1406*o + 57415. What is q(-41)?
-231
Let u(w) = -13*w**3 - 1954*w**2 + 1201*w - 23849. Give u(-151).
9
Let i(y) = 29*y**2 + 267*y + 281. What is i(-8)?
1
Let f(v) = -1358*v - 9482. Give f(-7).
24
Let p(w) = 60*w**2 - 165*w + 168. Calculate p(-5).
2493
Let y(l) = 702*l + 6848. Give y(-10).
-172
Let j(i) = -2272*i**2 - 209026*i - 167. Give j(-92).
17
Let b(q) = -120990*q + 362964. Calculate b(3).
-6
Let n(i) = 3*i**3 + 360*i**2 - 734*i + 31. Give n(-122).
275
Let j(z) = 10237*z - 132480. Calculate j(13).
601
Let o(a) = 3*a**3 + 301*a**2 - 151*a + 5156. Give o(-101).
5
Let a(q) = 6*q**3 - 90*q**2 - 2699*q - 46. Calculate a(30).
-16
Let h(t) = -2829*t + 225539. What is h(80)?
-781
Let t(p) = 25*p**2 + 375*p + 1122. What is t(-3)?
222
Let f(t) = -238981*t - 14099914. Give f(-59).
-35
Let y(d) = 2*d**3 + 7*d**2 - 7*d + 189. Calculate y(-8).
-331
Let n(o) = -2881*o + 166928. Determine n(58).
-170
Let y(t) = 22*t**2 + 907*t + 128. Give y(-41).
-77
Let w(q) = -6213*q - 155347. Give w(-25).
-22
Let z(k) = -3076*k - 56195. Calculate z(-18).
-827
Let u(r) = -74809*r + 74800. What is u(1)?
-9
Let b(s) = -s**2 + 234396*s - 5390574. What is b(23)?
5
Let v(z) = 2*z**3 + 89*z**2 + 105*z - 714. Calculate v(-42).
3696
Let p(i) = i**3 - 16*i**2 - 90*i + 1142. Calculate p(17).
-99
Let n(j) = 246*j - 3824. Calculate n(13).
-626
Let f(i) = 3*i**2 - 3*i + 538. Give f(22).
1924
Let w(d) = -15*d**3 + 24*d + 75. Determine w(-3).
408
Let u(i) = 148*i + 3959. Calculate u(-27).
-37
Let f(d) = -77719*d - 12979077. Calculate f(-167).
-4
Let n(k) = k**3 - 9*k**2 - 878*k + 5386. Give n(6).
10
Let w(x) = -176*x**2 + 2051*x - 5. What is w(12)?
-737
Let q(k) = k**3 - 21*k**2 + 91*k - 2536. Give q(22).
-50
Let d(b) = -b**3 + 10*b**2 - 9*b + 31. Determine d(3).
67
Let w(i) = 75*i**3 + 429*i**2 + 432*i + 3. Calculate w(-1).
-75
Let w(u) = -u**2 + 557834*u - 2231323. Determine w(4).
-3
Let n(w) = -264*w + 6010. Determine n(26).
-854
Let t(x) = -43*x**2 - 42965*x + 85928. Determine t(2).
-174
Let s(z) = 35*z**2 - 225*z - 1298. Determine s(-6).
1312
Let o(p) = 2*p**3 + 201*p**2 + 3597*p - 9659. What is o(-76)?
-7
Let k(v) = 2*v**3 + 18*v**2 - 263*v - 621. Determine k(-16).
3
Let p(i) = 3*i**2 + 141*i - 3477. Calculate p(18).
33
Let d(w) = 13*w**2 - 916*w - 2406. What is d(73)?
3
Let o(q) = 5383*q + 26775. Determine o(-5).
-140
Let q(a) = a**3 + 56*a**2 - 1280*a + 3366. What is q(3)?
57
Let m(k) = -26*k**2 - 223*k - 356. Determine m(-5).
109
Let i(o) = -17798*o - 1370439. Calculate i(-77).
7
Let u(b) = -4*b**3 + 111*b**2 + 60*b + 1556. Give u(29).
-909
Let z(j) = -2*j**2 - 187*j + 12304. Calculate z(44).
204
Let c(o) = -66139*o + 1058221. What is c(16)?
-3
Let a(u) = -u**2 - 2294*u + 4591. Give a(2).
-1
Let h(d) = -1425*d - 68878. Give h(-48).
-478
Let l(j) = j**3 + 14*j**2 + 25*j - 136. What is l(-9)?
44
Let l(b) = -b**3 - 124*b**2 - 486*b + 306. Determine l(-120).
1026
Let m(u) = 511552*u - 5115513. Determine m(10).
7
Let l(n) = -12848*n + 462515. What is l(36)?
-13
Let m(s) = -57780*s - 57822. Calculate m(-1).
-42
Let h(q) = 4*q**2 + 232*q - 3402. What is h(12)?
-42
Let o(b) = -168*b**2 + 588*b + 589. Determine o(-1).
-167
Let f(u) = 132*u**2 - 16*u + 45. Give f(4).
2093
Let w(o) = -5*o**2 - 88353*o + 618733. What is w(7)?
17
Let c(s) = -s**2 - 977*s + 23685. Calculate c(23).
685
Let p(q) = 2469*q - 37254. What is p(15)?
-219
Let i(j) = 11771*j + 2354211. Determine i(-200).
11
L